mine u(q).
2
Let a(l) = l**2 - 2*l + 3. Let x(v) = 2*v**2 - 4*v + 7. Let s(k) = -7*a(k) + 3*x(k). Calculate s(-2).
-8
Let h(u) = 4*u + 6. Let m(y) = 3*y + 5. Let c(d) = -6*h(d) + 7*m(d). Let f = -1 + 2. Determine c(f).
-4
Let k be 3/(-2) - (-66)/12. Suppose -12 = -5*a - 3*y - 3, k*a = 5*y - 15. Let t(q) = 6*q**3 - 1 - 2*q**2 - q - 4*q**3 + a*q**3. Determine t(2).
5
Let q(b) = -b**2 + 6*b - 4. Let t be q(3). Let n = 5 - t. Let r(y) = 1 + 0*y + y + n*y. What is r(2)?
3
Let q be 46*2/4 + 0. Suppose 3*d + q = 4*m, 7*m = 5*d + 4*m + 20. Let j(l) = 9*l**3 + l + 1. What is j(d)?
-9
Let y(h) = 2*h**2 + 4*h + 3. Let o be y(-2). Let r(w) = -w - o + 0*w - 2*w. What is r(-2)?
3
Let h(i) = -6*i**2 + 1. Suppose -4*a = -1 - 11. Let x(l) = l**2 + 8*l + 17. Let v be x(-6). Suppose 4*j = a*y + 10, -5*j = -0*j - v*y - 15. What is h(j)?
-5
Let g(s) be the second derivative of s**3/6 - 7*s**2/2 + 38*s. Give g(-5).
-12
Let l(x) = 4*x + 3. Let h(v) = -v**2 - 7*v + 8. Let j be h(-7). Let y = j - 4. Suppose -o = -2*q + q + y, 0 = 3*o - 2*q + 10. Calculate l(o).
-5
Let k be (-31)/(-5) - (12/10 + -1). Let l(p) = p - 1. Determine l(k).
5
Let h(d) = -4*d - 4*d**2 + 3*d**2 - d**3 + 9*d + 4*d**2. Calculate h(4).
4
Let m(b) = b**3 + 8*b + b + 2 + 3*b**2 - 9*b. Let k(n) = -8*n + 1. Let o be k(-2). Suppose 0 = -5*c - v - o - 1, -c = -v. Calculate m(c).
2
Let v(l) = l**2 - 7*l - 5. Let h(c) = c**2 - 8*c - c - 6 + 0*c**2 + c. Let k(d) = 4*h(d) - 5*v(d). What is k(4)?
-3
Let a = -2 + 4. Let h be -3 + 1 - 3*a. Let q = 11 + h. Let x(b) = b**3 - 2*b**2 - 4*b + 4. Give x(q).
1
Let d = 2 + 1. Let h(n) = 5 - 7*n**d + 0*n - 6 + n. Let t be (-2)/7 + (-9)/(-7). Give h(t).
-7
Let r(i) = -5 + 2 + 8*i - 2*i + i**2. Let b(g) = -4*g**2 + 6*g - 2. Let w be b(2). Calculate r(w).
-3
Let s(b) = 2*b + 12. Let t be s(-8). Let x(q) = q**3 + 3*q**2 - 7*q - 5. What is x(t)?
7
Let l(i) be the first derivative of 2*i**3/3 - 2*i**2 - 5*i - 10. Calculate l(4).
11
Suppose 0 = 3*t + 2*t + 25. Let a(y) = y**2 + 12*y + 3. Let p(b) = b. Let v(j) = 2*j + 7. Let n be v(-6). Let r(i) = n*p(i) + a(i). Give r(t).
-7
Suppose 0*l = -l + 2*x - 2, -3*l + 4*x - 2 = 0. Let o(a) be the second derivative of a**4/12 - a**3/2 + a**2 + 13*a. Give o(l).
0
Let t(i) = -3*i**3 + 6*i**2 - 8*i + 1. Let n(x) = 7*x**3 - 12*x**2 + 17*x - 1. Let s(l) = -2*n(l) - 5*t(l). What is s(4)?
-11
Let r = 50 - 56. Let u(k) = -k - 12. Calculate u(r).
-6
Suppose -13 = 4*i + 3. Let o(l) be the third derivative of -1/2*l**3 - 1/60*l**5 + 2*l**2 + 0*l - 1/8*l**4 + 0. Determine o(i).
-7
Suppose -s - 5 = -4*s - 4*i, s + 3*i - 5 = 0. Let y = 5 - 3. Let l be (0 + s)/(y/2). Let w(g) = -2*g**3 + 2*g**2 - 1. What is w(l)?
3
Let x(c) be the first derivative of -9*c**2/2 - c - 4. Calculate x(1).
-10
Let w(n) be the third derivative of n**4/24 - 2*n**2. Let t(i) = -i**2 - 10*i - 4. Let z be t(-8). Suppose -z = -2*q - 2*q. Determine w(q).
3
Let o(p) be the third derivative of -p**6/720 + 7*p**5/120 + p**4/12 + 3*p**2. Let w(b) be the second derivative of o(b). Give w(5).
2
Suppose 24 = -2*h + 5*h. Let p(b) = -5*b**3 + 2*b**2 - 2*b + 1. Let m be p(1). Let z = m + h. Let k(v) = -v - 3. What is k(z)?
-7
Let o(v) be the first derivative of -3 + 0*v**5 + 1/360*v**6 - v**3 + 0*v**2 + 0*v + 1/24*v**4. Let n(j) be the third derivative of o(j). Give n(1).
2
Let x(m) = m**3 + 3*m**2 + 5*m + 4. Let n(c) = -c - 7. Let d be n(-7). Suppose -y + 3*y + 6 = d. Calculate x(y).
-11
Let a(n) be the second derivative of -n**4/12 + 2*n**3/3 - n. Suppose 8 = -3*u - 4. Let q = u + 7. Give a(q).
3
Suppose 0 = l - 5*v + 4, -3*l - 2*v + 6*v = -43. Suppose l = -5*k - 9. Let y(x) = x - 3. Determine y(k).
-9
Let g(m) = m + 1. Let y(p) = -3*p - 10. Let l(u) = -4*g(u) - y(u). Let w be (-30)/(-5) + -1 + 2. Suppose f = -2 + w. Give l(f).
1
Let x(z) = z**2 - 3*z + 2. Let o be x(4). Let a(j) = j**3 - o + 9 + 0 - 9*j - 3*j**2 - 3*j**2. Give a(7).
-11
Let p(m) = -7*m - 2. Let h(a) = 6*a + 2. Let z(b) = -6*h(b) - 5*p(b). Determine z(-4).
2
Let h(s) be the second derivative of 9*s**5/20 + s**3/6 - s**2/2 - s. Let d(z) = z + 2. Let a be d(-7). Let q = a + 6. Determine h(q).
9
Suppose 2*n + 2 + 8 = 0. Let o be (-11)/n - (-4)/(-20). Let y be (-1 + -3)/(o/2). Let s(k) = k**3 + 3*k**2 - 3*k - 4. Calculate s(y).
-8
Let d(g) = 4*g - 3*g**2 + g**3 + 0*g - 2 - 2*g. Let c be d(2). Let h(i) be the third derivative of i**6/120 + i**5/20 + i**4/12 + i**3/6 - i**2. Give h(c).
1
Suppose a = -a + 2. Let v(p) = 6*p. Let w(u) = -5*u. Let q(b) = -4*v(b) - 5*w(b). What is q(a)?
1
Let d(t) = 3*t**2 - 3*t**3 - 4*t + 2*t**2 + 5*t - 3*t**2. Let p = 3 - 4. What is d(p)?
4
Let h(u) be the third derivative of u**8/20160 + u**7/1260 - u**6/240 - 2*u**5/15 + 6*u**2. Let k(b) be the third derivative of h(b). Give k(-4).
-3
Let l(y) = -6*y. Let z be l(1). Let x(c) = -5*c + 2. Let o(d) = d. Let h(g) = -6*o(g) - x(g). Give h(z).
4
Let x(t) be the second derivative of t**4/24 - 2*t**3/3 - 7*t**2/2 - 5*t. Let l(w) be the first derivative of x(w). Calculate l(5).
1
Let t(r) = -r**2 - 21*r + 3. Let y be t(-21). Let v(j) = -2*j**3 + 3*j**2 + 2*j + 4. Determine v(y).
-17
Let p(w) be the first derivative of -1/3*w**3 - 2*w - 2 + 0*w**2. What is p(2)?
-6
Suppose -2*k - 5 = -0*x - x, 0 = -4*k + 3*x - 13. Let y(r) = 1. Let l(w) = -5*w**2 + w + 1. Let c = 0 + -1. Let s(q) = c*y(q) + l(q). Calculate s(k).
-6
Let p(b) = b**2 + 10*b + 2. Suppose -2*o - 10 = 8. Give p(o).
-7
Let j be (8/5)/(4/10). Suppose j*z - 4*q - 4 = 0, 0 = -z + q + 3*q - 5. Let d be z + (-3*1 - -1). Let u(r) = 5*r + 1. Calculate u(d).
6
Suppose -2*u + 0 = -2. Let j be (u + -2)/((-1)/(-5)). Let q(h) = -h**3 - 4*h**2 + 5*h + 1. Calculate q(j).
1
Let g(n) be the first derivative of n**4/2 - 2*n**3 - 4*n**2 + 2*n + 1. Let c(r) = -r**3 + r. Let x(y) = 3*c(y) + g(y). Calculate x(-5).
2
Let s(c) = 12*c**2 + 0*c**2 + 10*c**2. Calculate s(1).
22
Let n(l) = -l - 1. Let h(c) = -3*c - 4. Let d(u) = -u**2 + 2*u + 3. Let y(r) = -4*d(r) - 3*h(r). Let i be y(1). What is n(i)?
-6
Suppose -3*q + 3 = -12. Let z = -10 - -15. Let p(j) = -4*j + 3*j - q - 5*j + z*j. Calculate p(0).
-5
Let x(a) = -a. Let j be x(-3). Let h(w) = -2*w**2 + 2*w + 4. Determine h(j).
-8
Let t(g) = 6*g - 1. Let q be 1 + (-5 - -8) - 3. Give t(q).
5
Let j(t) be the second derivative of -t**5/20 - t**4/3 - 2*t**3/3 - t**2/2 - 3*t. Suppose 1 + 2 = -k. Give j(k).
2
Let j(v) = v + 2. Let f be (3/(-2))/((-1)/8). Suppose b = -2*b - f. Determine j(b).
-2
Let s(w) = 2. Let v(b) = -1. Let t(x) = -s(x) - v(x). Let i(o) = -o - 1. Let d be i(1). Let h(r) = r + 4. Let u(f) = d*t(f) - h(f). Determine u(4).
-6
Let d be 9 + (0 - 0 - 2). Suppose -2*n = u - d, -4 - 11 = -4*n - 3*u. Let z(b) = 4*b - 2*b - b**n - 2 + b**2 - b. Calculate z(0).
-2
Let s(d) be the second derivative of -d**3/6 - 7*d**2/2 - 2*d. Let i be s(-8). Suppose 3*m + i + 2 = 0. Let k(b) = -6*b. Calculate k(m).
6
Let o(l) be the first derivative of 7*l**4/2 - 2*l**3/3 + l - 43. What is o(-1)?
-15
Let v(g) = -3*g**2 + 7*g - 4. Let u(l) = -l + 1. Suppose 4*n + 3*y = 6*n - 7, -3*y - 5 = -4*n. Let j(x) = n*v(x) - 5*u(x). Calculate j(-1).
4
Let y(w) = -6*w + w + w**2 + 4 - w. Give y(5).
-1
Let j(x) = 3*x**3 - x**2 + 4*x - 3. Suppose 5 = 2*k - t, -3*k + t + 7 = -0. Let i(s) = 7*s**3 - 2*s**2 + 9*s - 7. Let r(q) = k*i(q) - 5*j(q). Determine r(1).
-1
Let v be (-2 + 0)/(2/(-4)). Suppose -2*w = v - 10. Let p(i) be the second derivative of -i**5/20 + i**4/12 + 5*i**3/6 - 2*i**2 + 2*i. Determine p(w).
-7
Let f = -2 + -2. Let p(w) = -w - 4. Give p(f).
0
Let n(a) be the second derivative of a**6/720 + a**5/15 - a**4/2 + 2*a. Let v(q) be the third derivative of n(q). Calculate v(0).
8
Suppose 2*c - u - 14 = 0, u = 3*u + 8. Let p = c - 7. Let a(f) = -2*f**2 - 4 + 4 - 1 + 2. Calculate a(p).
-7
Let z be (-12)/(-16) - (-4)/16. Let t(q) = 0*q + 1 + 0*q - 4*q. What is t(z)?
-3
Let o(w) = -w**3 + 4*w**2 + 5*w - 6. Let x = 15 + -10. Give o(x).
-6
Let h = 0 + 1. Let k be h + (1 - 0) - 7. Let m = -9 - k. Let r(u) = u**3 + 4*u**2 + 4. Determine r(m).
4
Let l(q) be the second derivative of -q**5/20 + q**4/2 - 2*q**3/3 - 3*q**2 - 8*q. Determine l(5).
-1
Let b(x) = x**3 - 11*x**2 + 10*x + 11. Let f be b(10). Let d(t) = -9 + f - 7 + t. Determine d(4).
-1
Let l(j) = j**3 - 3*j**2 - 3*j + 1. Suppose 0 =